{"version":"1.0","provider_name":"Weisenheimer","provider_url":"https:\/\/www.weisenheimer.law\/en\/","title":"Auf dem Weg zu einem \u00f6sterreichischen Lieferkettengesetz? - Weisenheimer","type":"rich","width":600,"height":338,"html":"<blockquote class=\"wp-embedded-content\" data-secret=\"h1JANak6jb\"><a href=\"https:\/\/www.weisenheimer.law\/en\/auf-dem-weg-zu-einem-oesterreichischen-lieferkettengesetz\/\">Auf dem Weg zu einem \u00f6sterreichischen Lieferkettengesetz?<\/a><\/blockquote><iframe sandbox=\"allow-scripts\" security=\"restricted\" src=\"https:\/\/www.weisenheimer.law\/en\/auf-dem-weg-zu-einem-oesterreichischen-lieferkettengesetz\/embed\/#?secret=h1JANak6jb\" width=\"600\" height=\"338\" title=\"&#8220;Auf dem Weg zu einem \u00f6sterreichischen Lieferkettengesetz?&#8221; &#8212; Weisenheimer\" data-secret=\"h1JANak6jb\" frameborder=\"0\" marginwidth=\"0\" marginheight=\"0\" scrolling=\"no\" class=\"wp-embedded-content\"><\/iframe><script type=\"text\/javascript\">\n\/*! This file is auto-generated *\/\n!function(d,l){\"use strict\";var e=!1,o=!1;if(l.querySelector)if(d.addEventListener)e=!0;if(d.wp=d.wp||{},!d.wp.receiveEmbedMessage)if(d.wp.receiveEmbedMessage=function(e){var t=e.data;if(t)if(t.secret||t.message||t.value)if(!\/[^a-zA-Z0-9]\/.test(t.secret)){for(var r,a,i,s=l.querySelectorAll('iframe[data-secret=\"'+t.secret+'\"]'),n=l.querySelectorAll('blockquote[data-secret=\"'+t.secret+'\"]'),o=new RegExp(\"^https?:$\",\"i\"),c=0;c<n.length;c++)n[c].style.display=\"none\";for(c=0;c<s.length;c++)if(r=s[c],e.source===r.contentWindow){if(r.removeAttribute(\"style\"),\"height\"===t.message){if(1e3<(i=parseInt(t.value,10)))i=1e3;else if(~~i<200)i=200;r.height=i}if(\"link\"===t.message)if(a=l.createElement(\"a\"),i=l.createElement(\"a\"),a.href=r.getAttribute(\"src\"),i.href=t.value,o.test(i.protocol))if(i.host===a.host)if(l.activeElement===r)d.top.location.href=t.value}}},e)d.addEventListener(\"message\",d.wp.receiveEmbedMessage,!1),l.addEventListener(\"DOMContentLoaded\",t,!1),d.addEventListener(\"load\",t,!1);function t(){if(!o){o=!0;for(var e,t,r,a=-1!==navigator.appVersion.indexOf(\"MSIE 10\"),i=!!navigator.userAgent.match(\/Trident.*rv:11\\.\/),s=l.querySelectorAll(\"iframe.wp-embedded-content\"),n=0;n<s.length;n++){if(!(r=(t=s[n]).getAttribute(\"data-secret\")))r=Math.random().toString(36).substr(2,10),t.src+=\"#?secret=\"+r,t.setAttribute(\"data-secret\",r);if(a||i)(e=t.cloneNode(!0)).removeAttribute(\"security\"),t.parentNode.replaceChild(e,t);t.contentWindow.postMessage({message:\"ready\",secret:r},\"*\")}}}}(window,document);\n<\/script>\n","thumbnail_url":"https:\/\/www.weisenheimer.law\/wp-content\/uploads\/2022\/03\/Design-ohne-Titel-1.png","thumbnail_width":1200,"thumbnail_height":627,"description":"Es hat f\u00fcr einiges Aufsehen auch unter heimischen Unternehmen gesorgt, als der deutsche Bundestag am 11. Juni 2021 das Lieferkettensorgfaltspflichtengesetz, oft einfach \u201eLieferkettengesetz\u201c genannt, beschloss. Durch dieses Gesetz sollen n\u00e4mlich ab 1.1.2023 deutsche Unternehmen mit \u00fcber 3.000 bzw. ab 1.1.2024 ab 1.000 ArbeitnehmerInnen verpflichtet werden, auf die Einhaltung bestimmter Menschenrechtsstandards bzw. Umweltschutzvorschriften in ihren Lieferketten zu achten. Es muss somit nicht nur darauf geachtet werden, dass diese Standards, wozu im \u00dcbrigen auch die Einhaltung des lokalen Arbeitsrechts z\u00e4hlt, im eigenen Unternehmen eingehalten werden, sondern auch bei den Zulieferern. Einige haben bereits geahnt, dass durch das deutsche Lieferkettengesetz auch \u00f6sterreichische Unternehmen in die Pflicht genommen werden k\u00f6nnten, und zwar wenn deutsche Unternehmen versuchen, ihre Verpflichtungen auf die unmittelbaren (\u00f6sterreichischen) Zulieferer zu \u00fcbertragen, die dann wiederum auf deren Zulieferer achten m\u00fcssen. Doch nun folgte Ende Februar ein Vorsto\u00df der EU-Kommission: es wurde ein Entwurf einer Richtlinie \u00fcber Nachhaltigkeit ver\u00f6ffentlicht, die sehr an das deutsche Lieferkettengesetz erinnert und daher in der Folge kurz \u201eLieferkettenrichtlinie\u201c genannt werden soll."}

Auf dem Weg zu einem österreichischen Lieferkettengesetz? - Weisenheimer

<blockquote class="wp-embedded-content" data-secret="h1JANak6jb"><a href="https://www.weisenheimer.law/en/auf-dem-weg-zu-einem-oesterreichischen-lieferkettengesetz/">Auf dem Weg zu einem österreichischen Lieferkettengesetz?</a></blockquote><iframe sandbox="allow-scripts" security="restricted" src="https://www.weisenheimer.law/en/auf-dem-weg-zu-einem-oesterreichischen-lieferkettengesetz/embed/#?secret=h1JANak6jb" width="600" height="338" title="&#8220;Auf dem Weg zu einem österreichischen Lieferkettengesetz?&#8221; &#8212; Weisenheimer" data-secret="h1JANak6jb" frameborder="0" marginwidth="0" marginheight="0" scrolling="no" class="wp-embedded-content"></iframe><script type="text/javascript">
/*! This file is auto-generated */
!function(d,l){"use strict";var e=!1,o=!1;if(l.querySelector)if(d.addEventListener)e=!0;if(d.wp=d.wp||{},!d.wp.receiveEmbedMessage)if(d.wp.receiveEmbedMessage=function(e){var t=e.data;if(t)if(t.secret||t.message||t.value)if(!/[^a-zA-Z0-9]/.test(t.secret)){for(var r,a,i,s=l.querySelectorAll('iframe[data-secret="'+t.secret+'"]'),n=l.querySelectorAll('blockquote[data-secret="'+t.secret+'"]'),o=new RegExp("^https?:$","i"),c=0;c<n.length;c++)n[c].style.display="none";for(c=0;c<s.length;c++)if(r=s[c],e.source===r.contentWindow){if(r.removeAttribute("style"),"height"===t.message){if(1e3<(i=parseInt(t.value,10)))i=1e3;else if(~~i<200)i=200;r.height=i}if("link"===t.message)if(a=l.createElement("a"),i=l.createElement("a"),a.href=r.getAttribute("src"),i.href=t.value,o.test(i.protocol))if(i.host===a.host)if(l.activeElement===r)d.top.location.href=t.value}}},e)d.addEventListener("message",d.wp.receiveEmbedMessage,!1),l.addEventListener("DOMContentLoaded",t,!1),d.addEventListener("load",t,!1);function t(){if(!o){o=!0;for(var e,t,r,a=-1!==navigator.appVersion.indexOf("MSIE 10"),i=!!navigator.userAgent.match(/Trident.*rv:11\./),s=l.querySelectorAll("iframe.wp-embedded-content"),n=0;n<s.length;n++){if(!(r=(t=s[n]).getAttribute("data-secret")))r=Math.random().toString(36).substr(2,10),t.src+="#?secret="+r,t.setAttribute("data-secret",r);if(a||i)(e=t.cloneNode(!0)).removeAttribute("security"),t.parentNode.replaceChild(e,t);t.contentWindow.postMessage({message:"ready",secret:r},"*")}}}}(window,document);
</script>

Es hat für einiges Aufsehen auch unter heimischen Unternehmen gesorgt, als der deutsche Bundestag am 11. Juni 2021 das Lieferkettensorgfaltspflichtengesetz, oft einfach „Lieferkettengesetz“ genannt, beschloss. Durch dieses Gesetz sollen nämlich ab 1.1.2023 deutsche Unternehmen mit über 3.000 bzw. ab 1.1.2024 ab 1.000 ArbeitnehmerInnen verpflichtet werden, auf die Einhaltung bestimmter Menschenrechtsstandards bzw. Umweltschutzvorschriften in ihren Lieferketten zu achten. Es muss somit nicht nur darauf geachtet werden, dass diese Standards, wozu im Übrigen auch die Einhaltung des lokalen Arbeitsrechts zählt, im eigenen Unternehmen eingehalten werden, sondern auch bei den Zulieferern. Einige haben bereits geahnt, dass durch das deutsche Lieferkettengesetz auch österreichische Unternehmen in die Pflicht genommen werden könnten, und zwar wenn deutsche Unternehmen versuchen, ihre Verpflichtungen auf die unmittelbaren (österreichischen) Zulieferer zu übertragen, die dann wiederum auf deren Zulieferer achten müssen. Doch nun folgte Ende Februar ein Vorstoß der EU-Kommission: es wurde ein Entwurf einer Richtlinie über Nachhaltigkeit veröffentlicht, die sehr an das deutsche Lieferkettengesetz erinnert und daher in der Folge kurz „Lieferkettenrichtlinie“ genannt werden soll.
